Suppose 4*d = 3346 + 774. What is the thousands digit of d?
1
Let d(p) = -72*p - 4. Let v be d(-3). Suppose -4*z - v = 3*l, 132 = -2*z - 2*l + 7*l. Let i = z + 85. What is the units digit of i?
9
Let f = -129 + 238. Let z = f - 26. What is the tens digit of z?
8
Suppose 5*y = 5*m - 10690, 0 = 10*y - 7*y - 3. What is the thousands digit of m?
2
Suppose -19*d - 161 = -a - 18*d, -5*a + 815 = 5*d. What is the tens digit of a?
6
What is the units digit of 5/(-10)*-133 - (-1)/(-2)?
6
Let k(o) = -5*o**2 - 10*o + 1. Let x(t) be the first derivative of t**3/3 + t**2/2 + t + 14. Let g(h) = -k(h) - 4*x(h). What is the tens digit of g(5)?
5
Let p(s) = 49*s**2 - 58*s + 552. What is the hundreds digit of p(9)?
9
Let c = 155 - 99. Suppose -c = 3*p - 5*p. What is the units digit of p?
8
Suppose 194 = 3*k + 4*z, 3*k - 53 = 2*k + z. Let m(y) = -2*y**2 - 16*y - 4. Let p be m(-8). What is the tens digit of 3*k/3 - p?
6
Suppose 4*x = 7*g - 3*g - 44, 2*x - 34 = -2*g. Suppose f = 3*i - g - 7, -f - 2*i = 31. Let o = f - -35. What is the units digit of o?
8
What is the units digit of (-16)/4*1878/(-4)?
8
Suppose 0*f + 215 = f + i, -2 = -2*i. What is the units digit of f?
4
Let y(f) = -17*f + 4. Let r be y(4). Let h be (r/(-144))/((-4)/(-18)). What is the units digit of h/((-1)/(-4)*2)?
4
Suppose 2*j - 24 = 5*f, 6*f + 4*j + 36 = 2*f. Suppose -7*g + 378 = 11*g. What is the units digit of f/(-14) + 516/g?
5
Suppose 3*v + 7 = -17. Let g = v - 1. What is the units digit of 0 + 2 + -1 - g?
0
Let j = 10 - 15. Let w = 26 - j. Suppose w + 53 = 4*r. What is the units digit of r?
1
Suppose 3*c + 2*s - 356 = -2*s, -5*s + 474 = 4*c. Let n be (-1)/(-3)*(-2 - -8). Suppose 2*g = -n*g + c. What is the units digit of g?
9
Suppose -12 = 4*l - 52. Let k be (4/2)/(5/l). Suppose -80 = -h - k*h + 5*d, 2*d + 17 = h. What is the tens digit of h?
1
Let v = -1222 - -2054. What is the tens digit of v?
3
Suppose 37*g - 13782 = 169738. What is the tens digit of g?
6
What is the units digit of (-16)/88 - (-83133)/33?
9
Let o(q) = 2*q**2 + 4*q + 1. Let m be o(-4). Suppose -3*a - 25 - 26 = -p, -p + m = -a. What is the units digit of (2 - a/(-5))*-5?
7
Let n(o) = -690*o - 477. What is the hundreds digit of n(-6)?
6
Let a = 1149 + -234. What is the hundreds digit of a?
9
Suppose -83*c + 81*c + 34 = 0. Suppose 11*d - c = 214. What is the units digit of d?
1
Let l = 46 - 41. Suppose 0 = -l*p + 8*p - 495. What is the hundreds digit of p?
1
Let n(z) = -z + 14. Let u be n(7). Let j(b) = 4*b**2 + 13*b - 61. What is the tens digit of j(u)?
2
Suppose 1 = 2*d - 3*d. Let a(y) = 2*y**2 + y + 1. Let z be a(d). Suppose z*h - 4*h = -16. What is the units digit of h?
8
What is the hundreds digit of -394*(-6)/(-2 - -14)?
1
Let v(x) be the first derivative of -x**4/4 - 8*x**3/3 + 2*x**2 + 2*x + 8. What is the tens digit of v(-9)?
4
Let b be 2/(-7) + 8/28. Let a be -2 - -1 - (-1 - b). Suppose 0 = -a*k + 4*k - 4. What is the units digit of k?
1
Let m(k) = -k**3 + 7*k**2 + 4*k - 14. Suppose -2*w + 15 = 3. What is the tens digit of m(w)?
4
Suppose -12*d + 9*d = -2*w + 11921, 5*w - d - 29822 = 0. What is the units digit of w?
5
Let d(b) = b**3 - 7*b**2 + 7. Let r be d(7). Suppose r = w - 11. What is the units digit of 0 - (5 - 4 - w)?
7
Let f be (-43)/(-1) + 3 + 1. Let j = -40 + 69. Let w = f - j. What is the units digit of w?
8
Let b be (-7*14/(-147))/(4/30). Suppose 3*y - b*j - 835 = -96, -3*j - 1237 = -5*y. What is the units digit of y?
8
Let n = 4101 + -2875. What is the tens digit of n?
2
Let m = 246 - -681. What is the units digit of m?
7
Suppose 5*y - 4*z = -23, 5*y - z + 13 = -2*z. Let l be y - 3/(3/5). What is the units digit of 40/22 - l/44?
2
Suppose l + 2 = 3*p + 1, 3*l = 3*p + 9. Suppose d + d = l*u + 131, 4*d + 5*u = 307. What is the units digit of d?
3
Let a(l) = -13*l**2 + l. Let q be a(4). Let i be (1 - 0)/((-4)/q). Suppose w + i = 4*w. What is the units digit of w?
7
Suppose 0 = -k - 55 + 1634. What is the thousands digit of k?
1
Let o be -1 + 4/8*54. Let s = o - 38. Let k = 36 + s. What is the units digit of k?
4
Suppose 5*a + 2*m - 39 = 544, 2*a - 233 = -m. Let c = a + -85. What is the units digit of c?
2
Let d = 87 + -93. Let g(k) = -11*k + 23. What is the units digit of g(d)?
9
Suppose 13*a - 10*a + 24 = 0. Let i = 51 + a. What is the units digit of i?
3
Suppose -1175 = -5*f - 2*y, -25*f - 1175 = -30*f + y. What is the tens digit of f?
3
Suppose -11389 = -6*z + 2825. What is the units digit of z?
9
Let c(j) = j**2 + 10*j + 13. Let l be c(-9). Suppose l - 16 = -3*m. What is the units digit of 4*2/4 + m?
6
Suppose -6*u + 34 = -26. Let j(a) = a**2 + 12*a - 10. What is the units digit of j(u)?
0
Let c = 45 + -6. Suppose 3*w = 201 + c. Let b = 147 - w. What is the tens digit of b?
6
Suppose 2*a + a = 4*a. Suppose 22*d - 19*d - 54 = a. What is the tens digit of d?
1
Suppose 0 = -s - 2*s + 33. Let t be (-11)/s*13*-6. Let z = t + -4. What is the tens digit of z?
7
Suppose 2*x - 34 = 398. Suppose 3*i = 4*f - 216, 0 = 4*f + 5*i - 3*i - x. Let l = -14 + f. What is the tens digit of l?
4
Let b(o) = o**3 + 12*o**2 + 4*o - 12. Let s be b(-12). What is the units digit of (1 - 2)*(s - -1)?
9
Suppose -3*j + 5*l + 175 = 0, 2*l - 10 = 4*l. What is the hundreds digit of (-120)/j*(-70)/(-8)*-10?
2
Suppose -4*y + 840 = -0*y. Suppose 0 = -2*t + 4*h + y - 56, -2*h - 338 = -4*t. What is the tens digit of t?
8
Suppose -g - 594 = -12*g. What is the units digit of g?
4
Suppose -2*x = x + p - 610, 5*p = -3*x + 590. What is the hundreds digit of x?
2
Let b be 11 + -2 + (2 - 2). Suppose 0 = 10*c - 13*c + b. What is the units digit of 3 + c + -5 - -21?
2
What is the thousands digit of 3186/3 - (-13 - (10 + -26))?
1
What is the units digit of 1/((-3)/(-171))*7/7?
7
Let i(k) = 5*k**3 - k**2 + k - 2. Let l be i(2). Let j = l + -28. What is the units digit of j/(-4) + (17 - -2)?
7
Let n be (-7)/(-35) - (-1645)/25. Let v(m) = m**3 - 5*m**2 + 2*m - 6. Let r be v(5). Suppose -r*w + n = -f, -4*w + 2*f + 18 = -46. What is the tens digit of w?
1
Suppose 4*b + 3*o - 10567 = 0, 3*b - 1931 = 5*o + 5987. What is the tens digit of b?
4
Suppose 0 = -4*k + 127 + 485. What is the units digit of k?
3
Let m be 3 + (-5)/(20/36). Let f be (-19)/(-7) - m/21. Let i(u) = u**2 - 2*u - 2. What is the units digit of i(f)?
1
Let t = -1649 - -2534. What is the units digit of t?
5
Suppose -3*i - 19 = 134. Let v be (-1230)/i + 2/(-17). Suppose 0*d = d - v. What is the units digit of d?
4
Let d be 442/85 + 2/(-10). Suppose 445 = -0*h + d*h. What is the tens digit of h?
8
Let b(f) = -1293*f**3 - 6*f**2 - f + 4. What is the hundreds digit of b(-1)?
2
Suppose -y = -2*y + 492. Let r = 694 - y. What is the hundreds digit of r?
2
What is the units digit of (34/4)/(-7 - (-564)/80)?
0
Suppose -5*a = 2*y - 1601, -3*a + 297 = y - 664. What is the units digit of a?
1
Let g(s) be the third derivative of -1/12*s**4 + 0*s + 5*s**2 + 0 + 1/6*s**3. What is the units digit of g(-2)?
5
Suppose 0 = -5*n + 3*n. Suppose n = -11*q + 8*q + 60. What is the units digit of q?
0
Let f be (3 + 2)*(-252)/(-45). Let k be (-46)/6 + 4/6. Let j = f + k. What is the tens digit of j?
2
Suppose 14*x - 5712 = -2*x. What is the hundreds digit of x?
3
Suppose 12 = 2*c + 4. Suppose -3*l - l = c, -3*l - 15 = -2*x. What is the units digit of 4/(-1) - (-258)/x?
9
Suppose 3*x = 84 + 6. Let s be (-28)/(-3) - 10/x. Suppose 7 = z - s. What is the tens digit of z?
1
Suppose 12*y - 780 = -216. Let s = 26 + -56. Let l = y + s. What is the tens digit of l?
1
Suppose 10*a - 5*a - 120 = 0. What is the units digit of 3156/a + (-2)/4?
1
Let i(a) be the third derivative of -5*a**4/4 - 17*a**3/6 - 24*a**2. What is the tens digit of i(-4)?
0
What is the tens digit of (-89 + 5)*4/(-8)?
4
Suppose 5*j + 25 = -3*a, -4*j - 3*a + 6*a = -7. What is the tens digit of (0 - 1) + j - (-38 + -10)?
4
Suppose -2 = -c + 2. Suppose c*w + 1 = -7, 3*x + w = 70. What is the units digit of x?
4
Suppose -5*d + 9285 = 2*g, 12*d - 4*g = 14*d - 3698. What is the hundreds digit of d?
8
Suppose 6588 = 89*t - 85*t. What is the tens digit of t?
4
Suppose 0 = 5*s - 2*p - 3 - 18, -3 = s + 2*p. Let c be (s - 11)/(2/3). Let x = 12 - c. What is the tens digit of x?
2
Let o(g) be the third derivative of g**5/60 - g**4/3 + 7*g**3/3 - 4*g**2. Let w be (